)/5 + ((-491)/(-5) - -2). Calculate the greatest common factor of a and 25.
25
Suppose -4*f - q = -2 - 8, -5*q = -f - 8. Let s = 5 - f. Suppose 3*g = -s*p - 14 + 65, -5*p + 2*g + 92 = 0. Calculate the greatest common divisor of p and 27.
9
Let a be (-6)/33 - 642/(-22). What is the highest common divisor of 261 and a?
29
Let b = 7 + -5. Suppose b*s - 14 = -0*s. Calculate the highest common divisor of 35 and s.
7
Let l = 10 - 8. Suppose -5*q - 5*y + 3509 + 5261 = 0, 4*q + l*y - 7012 = 0. Let b be (-2)/(-4) + q/16. Calculate the greatest common divisor of 10 and b.
10
Suppose i + 180 = 6*i. What is the highest common divisor of i and 90?
18
Let r(d) = -d**3 - 10*d**2 - 11*d. Let h be r(-9). What is the greatest common factor of 2 and h?
2
Let y be (2 - -18)/(2/9). What is the greatest common divisor of 10 and y?
10
Suppose 56 = -s + 82. What is the greatest common factor of s and 312?
26
Suppose -5*j - 4*s = s - 45, -4*j + 3*s = -36. Let z = 1 - -3. Let w = j - z. What is the greatest common divisor of w and 1?
1
Let x = 27 - 26. Let t be -14*(15/(-6))/5. What is the highest common factor of t and x?
1
Suppose -h = -2 - 4. Let j(q) = -2*q + 4*q + 1 - h*q. Let y be j(-3). What is the highest common factor of 13 and y?
13
Suppose 227 + 53 = 5*v. Calculate the highest common factor of v and 42.
14
Let h(n) = 2*n**2 - 4*n. Let b be 6/(-12)*(-6 - 0). Let w be h(b). Calculate the highest common divisor of w and 24.
6
Let x(l) = -l**3 + 4*l**2 + 5*l - 3. Let f be x(4). Calculate the greatest common factor of f and 17.
17
Suppose -2*v + 5*w + 17 + 3 = 0, 5*v + 2*w = 21. Calculate the greatest common factor of 2 and v.
1
Let m be (4 - (-140)/6)*3. Let j(s) = -s + 5. Let q be j(3). Suppose v - m = -l, q*l + 3*l = 2*v - 157. Calculate the greatest common factor of 9 and v.
9
Let a(q) = -67*q - 8. Let v be a(-2). What is the greatest common divisor of v and 18?
18
Suppose 3*y + 3*c - 51 = 0, 3*c + 89 = -y + 5*y. Calculate the greatest common divisor of y and 220.
20
Let f be (-2 - (-9)/(-3))/(-1). Suppose -135 = -5*x + 2*d + 3*d, 3*d = -f*x + 159. Let s = 32 - 22. What is the highest common factor of x and s?
10
Let p(i) = -i**2 + 6*i - 4. Let t be p(5). Let r be t + 2/(-2)*-1. Let b be (r/4)/((-3)/(-18)). Calculate the greatest common divisor of 27 and b.
3
Suppose 0 = 3*d - 0*d - 45. Let m(g) = g**3 + 7*g**2 + 4*g - 2. Suppose -2*a - 30 = 3*a. Let t be m(a). What is the greatest common factor of d and t?
5
Let u(o) = o**2 + 8*o + 1. Let s be u(-8). Calculate the highest common divisor of s and 2.
1
Suppose 0*f = 5*f - 5. Let o be (f + -1)*(-3)/6. Suppose o = -3*u + 6 + 90. Calculate the highest common factor of u and 8.
8
Suppose 4*u = -3*s + 25 + 20, 5*u = -4*s + 55. Calculate the greatest common factor of 5 and u.
5
Suppose -4*t + 31 = -65. What is the greatest common factor of t and 12?
12
Let f = 3 - 0. Let j = f - -49. Calculate the highest common divisor of 13 and j.
13
Let p = -2 - -38. Let m = 195 + -135. Suppose 4*v = 2*j + 5 + 35, -4*v - 3*j = -m. Calculate the greatest common factor of p and v.
12
Suppose 210 = -5*a + 7*a. Calculate the highest common factor of a and 35.
35
Let f be (28/6)/((-4)/(-6)). Suppose 5*x + 0 - 20 = 0. Suppose -x*h + 309 = -o - 0*o, 1 = -o. Calculate the greatest common factor of f and h.
7
Let j be (-2 - -1)/(8/(-24)). Let p be 1169/21 - 2/j. Calculate the greatest common divisor of p and 11.
11
Let b(f) = -f**2 + 9*f - 9. Let u be b(6). Calculate the greatest common factor of u and 99.
9
Suppose 15 = 3*g, 3*d - 4*g - g = -19. Suppose 3*l - d*l = 13. What is the highest common divisor of 104 and l?
13
Let v(y) = -y**3 - 20*y**2 - 4*y - 4. Let q be v(-20). Calculate the highest common factor of q and 19.
19
Let p be (-8)/28 - (-65)/7. Let w = 180 + -117. Calculate the greatest common divisor of w and p.
9
Suppose 737 = 4*w - 143. Calculate the highest common factor of w and 20.
20
Suppose 2*q + 30 = 5*i - 25, 2*i - 3*q = 33. Suppose -4*h + 121 = -4*t + 45, 35 = 2*h + t. Calculate the greatest common divisor of h and i.
9
Suppose 68 = 4*f + 12. Calculate the highest common factor of f and 21.
7
Let h(o) = 3*o**2 - 4*o**3 - 1 + 0*o**3 + 2*o - 3*o**3. Let d be h(-3). Let r be 23 + 2 + -3 - 3. What is the highest common divisor of d and r?
19
Let t(a) = 2*a**2 + a. Let v be t(-2). Let p be v/5*10/4. Suppose -g - p = -12. Calculate the highest common divisor of 81 and g.
9
Let k be 0/3 - (5 - 8). Calculate the highest common factor of 18 and k.
3
Let x(w) = 2*w - 1. Suppose d - 40 = -4*d. Let n be x(d). What is the highest common factor of 5 and n?
5
Suppose 236 = 5*a - 574. Suppose t = 2*t + 5*y - 28, -5*t + a = 3*y. Suppose -d = 4*l - 0 - 19, 5*d = l + 53. What is the highest common factor of d and t?
11
Let n(t) = t**2 - 4*t - 9. Let i be n(7). Suppose 11 - 8 = b. Calculate the greatest common divisor of b and i.
3
Let y = -39 - -43. Calculate the greatest common divisor of 28 and y.
4
Let w(s) be the first derivative of 2*s**3 + 3/2*s**2 - 2 - 2*s. Let p be w(2). Calculate the highest common divisor of 42 and p.
14
Let j be 1 + 1 + 21/3. Suppose 6*g - 3*g - 18 = 0. What is the greatest common divisor of g and j?
3
Let l be (2 + 4 + -5)*18. Suppose 3*o - l = o. What is the greatest common factor of o and 18?
9
Let i = 0 + 2. Let q be i/(-6) - 112/(-12). Calculate the highest common factor of q and 63.
9
Let i(g) = -3*g**2 + g + 5. Let u be i(-7). Let m = u - -259. Calculate the greatest common factor of m and 10.
10
Let m be (-1)/6*-3*12. What is the greatest common factor of 60 and m?
6
Let n be 8/4 + 17 - -2. What is the highest common factor of 14 and n?
7
Let g be 12/(-4)*(-14)/3. Let m be 1/4 - 21/(-12). Suppose m*a - 30 = 4*p, 2*a - 3*p + 4*p - 10 = 0. What is the highest common factor of a and g?
7
Let x = -4 - -12. What is the greatest common factor of x and 80?
8
Suppose 7*j + 36 = 274. Calculate the greatest common factor of j and 68.
34
Let v(h) be the first derivative of -1/3*h**3 + 0*h**2 + 52*h + 3. Let o be v(0). Calculate the highest common divisor of o and 13.
13
Let q be 1/(-2*3/(-594)). Let o = 9 + -16. Let i(c) = -c**2 - 8*c + 4. Let l be i(o). What is the greatest common factor of l and q?
11
Suppose -4*c + 186 = -46. What is the highest common divisor of 29 and c?
29
Suppose 94 = d + 43. Let i be (0 + -1)/((-3)/51). What is the highest common divisor of d and i?
17
Let y = -74 + 76. What is the greatest common factor of y and 2?
2
Suppose -4*v = 2*g - 112, 5*g - 66 = -5*v + 74. Suppose 4*d = -0*d + v. Let k = 22 + -1. Calculate the greatest common divisor of d and k.
7
Suppose -3*l - c + 2*c = -41, -2*c = -4*l + 54. What is the highest common divisor of 154 and l?
14
Let u(h) = h - 8. Let c be u(11). Let r be ((-3)/(-9))/((-2)/(-36)). Calculate the greatest common factor of c and r.
3
Suppose 3*v - 120 = -4*l - 18, 0 = -2*v - l + 68. Let n = -18 + v. Let w be (-4)/(n/(-38))*2. What is the highest common divisor of w and 209?
19
Suppose 4*k - 1 = 3. Let r(b) = 26*b. Let i be r(k). What is the greatest common factor of i and 65?
13
Suppose -g - 2*l + 102 = 4*g, g - 3*l - 34 = 0. Suppose 0 = 5*j + 222 + 3. Let m be (-2 + 46)*j/(-10). What is the greatest common factor of m and g?
22
Let p be 31 + -3 + 0 + 0. Calculate the highest common factor of 4 and p.
4
Let n(l) = -l**3 - 5*l**2 + 8*l + 1. Let u be n(-7). Let z = 85 - u. Let y be (-1 - 0)/((-2)/z). Calculate the greatest common factor of 3 and y.
3
Suppose 2*h = 6, 2*h = -3*q - h + 96. Calculate the highest common divisor of 261 and q.
29
Let k = -1 - -3. Let p(l) = 5*l - 1. Let i be p(k). Suppose 66 = -3*r + 309. What is the greatest common divisor of r and i?
9
Suppose -x + 84 = x. Calculate the highest common factor of 6 and x.
6
Suppose 25 = -0*v + v. Calculate the highest common divisor of 10 and v.
5
Suppose 0 = 4*y - 2*y - 18. Suppose j - 24 = -f, -148 = -4*j + 3*f - 31. Calculate the highest common divisor of j and y.
9
Let j(x) = 3*x + 1. Let o be j(4). Calculate the highest common factor of o and 78.
13
Let n be (3 + 0 + 1)*6. Let t(g) = -g**2 + 13*g - 9. Let x be t(12). What is the highest common factor of x and n?
3
Suppose 2*v = -3*v + 10. Suppose -4*g = s - 15, -v*s + 2*g = -58 + 8. What is the greatest common divisor of 46 and s?